e factors of j?
2, 5, 7, 17
Let j be (-6 - 132/(-18))/(2/(-12)). Let f be 3 + (-1 - j)/1. Suppose f*b - 108 = b. What are the prime factors of b?
2, 3
Suppose 3 = -0*z + 3*z. Let j(p) = 5 - 5 - 506*p**3 - p + 573*p**3 + p**2. List the prime factors of j(z).
67
Let x be (25/15 - 2/3)*18. Suppose -63*n + x*n = -45900. List the prime factors of n.
2, 3, 5, 17
Suppose 5*a + 37652 = 4*r, 4*r - 5*a - 37648 = -a. List the prime factors of (-5 - 201/(-39)) + r/26.
2, 181
Suppose -6*j + 13*j = -1743. Let m = 778 + j. List the prime factors of m.
23
Let k(n) = -10*n**3 + 45*n**2 - 145*n - 5. Let y be k(3). Let s(j) = 496*j**2 - j + 1. Let p be s(1). Let v = y + p. List the prime factors of v.
191
Let w(i) = -i**3 + 76*i**2 + 189*i - 181. List the prime factors of w(76).
13, 1091
Let y(d) = 6*d**3 + 41*d**2 - 729*d - 15. List the prime factors of y(13).
7, 37, 41
Let h be -1 + ((-3)/12 - (-1490)/40). Suppose -48*x = -h*x - 1992. What are the prime factors of x?
2, 83
Let x(r) = r**3 + 14*r**2 - 31*r - 26. Let u be x(-16). What are the prime factors of (-1918)/(-4)*(-60)/u?
5, 137
Let x(p) = 93*p + 12. Let h(j) = 1022*j + 133. Let f(o) = 5*h(o) - 56*x(o). List the prime factors of f(-4).
5, 7, 11
Suppose -32*n + 9*n = 0. Suppose n = 37*z - 46*z + 4131. List the prime factors of z.
3, 17
Suppose -2492 = 26*x - 18066. What are the prime factors of x?
599
Let k be (2 + (-16)/10)/(2/100). Let u be (-1)/(12/k)*-3. Suppose -2*c - 14 = -3*n, -u*n - c = 2*c - 17. List the prime factors of n.
2
Let i(r) = 22*r**2 + 2*r - 7. Let g(o) = o**3 - 24*o**2 + 24*o - 17. Let m be g(23). Let v be i(m). Let w = v - 564. List the prime factors of w.
233
Let q(p) = 55*p**2 + 21*p + 24. Let d be q(-8). What are the prime factors of (-3 + (-21)/(-6))*(d - -2)?
3, 563
Suppose 104856 = 3*k + 5*k. Suppose -50*r + 33*r = -k. What are the prime factors of r?
3, 257
List the prime factors of 3/((-195192)/195246 - -1).
10847
Let a(x) = -37*x**2 - 3*x - 1. Let h(y) = -18*y**2 - y + 1. Let t(m) = -3*a(m) + 5*h(m). What are the prime factors of t(-4)?
2, 41
Let g = -433 + 450. Suppose 0 = g*f - 3326 - 7197. List the prime factors of f.
619
Let n(b) = -b**3 + 23*b**2 - 8*b + 44. Let r be n(20). Suppose 2*z + 3*z - 1808 = -2*k, k = -3*z + r. List the prime factors of z.
2, 3, 5
Suppose 2*g - 21421 = 5*q, 32*g - 42835 = 28*g + 3*q. List the prime factors of g.
2, 2677
Let i = 17 + -7. Let m(f) = i*f**3 - f**3 - 10*f**3 + 5 - 5*f - 2*f**2. What are the prime factors of m(-6)?
179
Suppose -p - 4782 = -5*q, -2*p - 4779 = 5*q - 10*q. List the prime factors of (q/(-44))/((-9)/120).
2, 5, 29
What are the prime factors of 9*(-1)/(-99) - (148730/(-11) + -1)?
2, 6761
Suppose -5*z - 6*z = 77. Let v be (-5427)/(-12) - (z/(-4))/7. What are the prime factors of (-6)/21 + v/14?
2
Suppose -4*k - 31697 + 101025 = 0. Suppose -4*m - k = -4*a, -m = 5*a + 2*m - 21625. List the prime factors of 2/(-11) + (a/22)/4.
7
Let y(j) = -5*j - 2. Suppose 2 = -o - o. Let f be y(o). Suppose 118 + 41 = f*s - 2*q, -2*s + 4*q = -106. What are the prime factors of s?
53
What are the prime factors of (63232/512)/((-1)/(-36))?
2, 3, 13, 19
Let g be 46*1/4*2. Let n(q) = -5*q + 11*q + 19*q - 19*q + 1. What are the prime factors of n(g)?
139
Let c = 671 + -666. List the prime factors of (58/c)/((-8)/(-40)).
2, 29
Let q(y) = 26*y**2 - 20*y - 10. Let w be q(-6). List the prime factors of -3*(w/(-12))/(3/6).
523
Suppose 5*m + 3*f + 0 = -9, 2*f = -2*m - 6. Suppose -6*u + 293 + 217 = m. List the prime factors of u.
5, 17
Let h(x) = -x**3 - 17*x**2 - 3*x + 12. Suppose 3*s = 4*g + 4*s + 19, 31 = -g + 5*s. Let q = g - 11. List the prime factors of h(q).
3, 7
Let v be (-2)/((-24)/(-3846))*2. Let k = 247 - v. What are the prime factors of k?
2, 3, 37
Suppose -22 + 26 = 4*y, -5*k - 5*y + 260265 = 0. List the prime factors of k.
2, 7, 11, 13
Let x = 4039 + -1158. What are the prime factors of x?
43, 67
Suppose -28*x - 91 = -41*x. List the prime factors of (1/(-2))/((-782)/(-112) - x).
2, 7
Let q(k) = 8594*k**2 - 84*k - 84. What are the prime factors of q(-1)?
2, 4297
Let t be (519 - (4 - 10)) + 5. Let o = t + -240. List the prime factors of o.
2, 5, 29
Let l(o) = -233*o + 75. Let d be l(-6). Let u be (14 - 17) + d*1. Suppose 5*k - u = -210. List the prime factors of k.
2, 3, 7
Let g(t) = -t**3 - 9*t**2 + 8*t + 13. Suppose 5*l - 8 = -v + 5, -3*l + 35 = 4*v. Let f be (v*(33/(-12) + 4))/(-1). What are the prime factors of g(f)?
3, 11
Let s(j) = 6*j**3 + 146*j**2 + 33*j + 46. What are the prime factors of s(-21)?
11, 743
Suppose s - 208 - 41 = 0. Suppose 5*v = -5*z + 2*z + 1194, v + 4*z = s. List the prime factors of v.
3, 79
Suppose 12040*h - 12039*h = 42. Let i = -286 - -426. What are the prime factors of (i/h)/(2/3)?
5
Let h = -4720 + 7739. List the prime factors of h.
3019
Suppose -36*n + 3*d = -37*n + 85364, 2*d = -5*n + 426742. List the prime factors of n.
2, 139, 307
Suppose 0 = 4*v - 219 + 7. Let h = 55 - v. Suppose -5*z + 3*z - l + 393 = 0, z + h*l = 189. What are the prime factors of z?
199
Let r = 18 + 375. Let l = r + -135. What are the prime factors of l?
2, 3, 43
Suppose -7*v = -2*v - 20. Suppose -m + 2*y = 4*y - 54, -v*m - y + 202 = 0. What are the prime factors of m?
2, 5
Let y(x) = -36*x**2 - 16*x - 39. Let u be y(9). Let q = -1570 - u. What are the prime factors of q?
11, 139
Let c(f) = f**3 - 5*f**2 - 5*f + 7. Let a be c(6). Suppose g = 2*d + d + 13, 4*g - a = -d. Suppose -3*q = -g*q + 120. What are the prime factors of q?
2, 3, 5
Suppose -32*l - 470447 = -5*h - 35*l, -4*h = l - 376345. What are the prime factors of h?
2, 43, 547
List the prime factors of 556*(684/8)/9.
2, 19, 139
Let f = 1135 + -228. List the prime factors of f.
907
Let o = -94 + 112. Let p be 2 - (-10612)/(-36) - 4/o. Let j = -147 - p. What are the prime factors of j?
2, 73
Let t(p) = 9 + 14*p + 19 + 18 + 15. What are the prime factors of t(33)?
523
Let m(s) = -254*s**3 - 9*s**2 - 3*s - 31. List the prime factors of m(-5).
3, 389
Let g(j) = 22*j**3 - 5*j**2 + 40*j - 119. What are the prime factors of g(8)?
3, 5, 743
Let h(i) = 118*i**2 - 3*i + 8. What are the prime factors of h(9)?
9539
List the prime factors of 99 + -102 - ((-3 - 1*11238) + 1).
17, 661
Let o be ((1 - 3) + 2)*2/2. Suppose o*j + j + 5 = 0. What are the prime factors of -1*j/(10/94)?
47
Let p = 4130 + -1966. Let w = 3460 - p. List the prime factors of w.
2, 3
Let j = -38478 + 58362. What are the prime factors of j?
2, 3, 1657
Let h = 1491 + -478. Suppose i + h = 5*i + 3*v, 0 = -4*i + 4*v + 1020. What are the prime factors of i?
2, 127
Let o = -2490 + 2488. Let i(g) = -5*g**2 - 3. Let l(p) = -4*p**2 + p - 4. Let k(w) = -3*i(w) + 2*l(w). List the prime factors of k(o).
5
Suppose -3*v + 2*s + 185 = -5, -v + 78 = 3*s. Suppose 5*b + 31 = v. Suppose b*m - 456 = 4*m. What are the prime factors of m?
2, 19
Let s(k) = -3*k**3 + 5*k**2 - 25*k - 45. Let q(t) = t**3 + t**2 + t - 1. Let j(c) = -2*q(c) - s(c). List the prime factors of j(11).
2, 7
What are the prime factors of (-3)/(-1) + (4/48 - 235907/(-12))?
2, 3, 29, 113
Suppose 3*g = -3*u + 513, -238 = -3*g + 2*u + 290. What are the prime factors of g?
2, 3, 29
Let m(v) = v**3 - 2*v**2 - 6*v - 7. Suppose 0 = -r - 4*l + 1, -r - 34 = 3*r - 3*l. Let y be m(r). List the prime factors of y*(-1)/4*2.
7, 29
Let l = -4771 - -17081. Suppose 32*r + l = 42*r. List the prime factors of r.
1231
Let c be ((-135)/(-5))/1 - -3. Suppose -c = -7*l - 8*l. List the prime factors of (12/5 - l) + (-1044)/(-15).
2, 5, 7
Suppose 0 = 66*x - 124 + 322. Let h(z) = -1. Let c(y) = 27*y + 16. Let t(g) = -c(g) - 5*h(g). What are the prime factors of t(x)?
2, 5, 7
Let g(f) = -4*f + 21. Let a be g(4). Suppose 3*m - 1317 = -a*v + 351, -5*v - 2224 = -4*m. List the prime factors of m.
2, 139
Suppose -66*l + 61*l + 11377 = -18353. List the prime factors of l.
2, 3, 991
What are the prime factors of (405 - 2)/((1/(-81))/(5 - 6))?
3, 13, 31
Let j(y) = 16*y**2 - 76*y - 125. What are the prime factors of j(-27)?
13591
Suppose 64*x = 7*r + 69*x - 107663, x = -5*r + 76915. List the prime factors of r.
2, 3, 641
Suppose 9*z - 13*z = -5*a + 14, -2*a = -4*z - 8. Suppose a*b - 120 = -0*b - 4*o, 4*b - 2*o - 250 = 0. List the prime factors of b.
2, 31
Let x(h) = h + 4. Let t be x(1). Suppose 646 = 